 0 = -2*t + 9 + 7. Let q = t + c. What is the units digit of q?
7
Let q(j) = -j + 3. Suppose g - 3 - 3 = 0. Let h = -10 + g. What is the units digit of q(h)?
7
Let v = 42 - -21. What is the tens digit of v?
6
Let r(v) = v**3 - 7*v**2 - 7*v + 10. Suppose 4 = 2*o - o. Suppose 2*m + c - 18 = 0, -c = o*m - 31 - 3. What is the tens digit of r(m)?
1
Suppose -5*w = 121 + 34. Let j = -13 - w. What is the units digit of j?
8
What is the tens digit of (-19)/4*(-1 - 3)?
1
Let p(n) = 100*n**2 + n - 1. What is the units digit of p(1)?
0
Let j = 370 - 246. What is the units digit of j?
4
Let f = 7 + -11. What is the units digit of (2/f)/((-4)/8)?
1
Let h = 2 + 2. Suppose -h*g + 5 = -27. What is the units digit of g?
8
Let c = -12 + 7. Let r = -9 - -17. Let j = r - c. What is the units digit of j?
3
Let b(r) = -4*r**3 + 4*r**2 + 2*r + 2. Let y be b(-3). Suppose -n + 6*n = y. What is the units digit of n?
8
Let t = 18 + 0. What is the units digit of t?
8
Let c = -4 + 5. What is the units digit of c?
1
Let i = 103 - 71. Let t = -23 + i. What is the units digit of t?
9
Let l(h) = -10*h + 13. Let b be l(-5). Let j = b - 11. What is the tens digit of j?
5
Suppose 0*j = 2*j - 12. Suppose 4*u - j = 2. Suppose -u*z + 14 = -8. What is the units digit of z?
1
Suppose -2*f - 7 = -f. Suppose -u + 2*u = 3. What is the tens digit of (f - -22) + u*-1?
1
Let l be ((-8)/36)/(2/(-18)). Suppose 7 + 28 = l*h - v, 64 = 4*h + 4*v. What is the tens digit of h?
1
Let p(d) be the third derivative of d**6/120 - d**5/20 - d**4/24 + d**3/2 - 3*d**2. What is the units digit of p(4)?
5
Let s = 108 + -23. What is the tens digit of s?
8
Let m = 333 + -217. What is the units digit of m?
6
Let u = -15 - -32. Suppose -2*v + 6 = o, 2*v + 2*o = -3*v + u. What is the units digit of v?
5
Let a = 297 + -211. What is the units digit of a?
6
Suppose -o = 2*o. Suppose -2*l + 14 = -2. Let r = l + o. What is the units digit of r?
8
Suppose -235 = -5*w - 4*h + h, -3*w - h = -137. What is the tens digit of w?
4
Suppose 5*m + 180 = 2*k - 116, -2*k + 256 = 5*m. What is the tens digit of k?
3
Suppose 7*j = 1222 + 402. What is the tens digit of j?
3
Let g(b) = 3*b - 3. Let m be g(-3). Let n = m + 20. What is the units digit of n?
8
Let o = -14 - -32. Let t = 30 - o. What is the units digit of t?
2
Let x(p) = -2*p - 4. Let a be ((-6)/3)/(1/2). What is the units digit of x(a)?
4
Let h = -10 - -31. Suppose 4*g - w = h, -3*g = -g - 2*w - 18. What is the units digit of g?
4
Let u(t) = -t**3 + 2*t**2 + 2*t + 3. Let y be u(-4). Let s = y - 64. What is the tens digit of s?
2
Suppose -5*w + 4*f = -107 - 24, 0 = -4*w - f + 88. What is the tens digit of w?
2
Suppose 19 = z - 11. What is the tens digit of z?
3
Suppose -5 = f - 6*f + 3*m, 5*f + 2*m = 30. What is the units digit of f?
4
Let l be 4/6 - 1235/(-15). Let p = -43 + l. What is the tens digit of p?
4
Suppose -6*k + 183 = -267. What is the tens digit of k?
7
Let j(y) = -y**2 + 4*y - 1. Let u be j(3). Suppose -u*l + 10 = -16. What is the tens digit of l?
1
What is the units digit of (-1644)/(-28) - (-4)/14?
9
Let l be 1/((-1)/2*-1). Suppose l*s - 39 = -s. What is the units digit of s?
3
Suppose 5*a = 2*a + 3. Let t = 2 + a. What is the units digit of t?
3
Suppose -25*h - 220 = -27*h. What is the tens digit of h?
1
Let b(o) = -16*o + 19. Let z(d) = -8*d + 10. Let c(n) = -3*b(n) + 5*z(n). What is the units digit of c(7)?
9
What is the hundreds digit of 8*1/(-12)*-213?
1
Suppose 0 = -5*l + l. Suppose l = -0*q - 2*q - 78. What is the units digit of q/2*2/(-3)?
3
Suppose -3*b + 229 = -5*y + 1217, 3*y = -b + 604. What is the units digit of y?
0
Let g(h) = 6*h**2 - 2*h - 2*h**2 - 3*h**2. What is the units digit of g(5)?
5
Let j(f) = -6*f + 2. What is the units digit of j(-2)?
4
Let n be (-6 + 3)*(-5 + 6). Suppose 6*k - k - 20 = 0. Let x = k + n. What is the units digit of x?
1
Suppose 14 - 6 = 4*l. Suppose -2*i = -5*q + 122, 2*q - l*i - 49 = -i. What is the units digit of q?
4
Suppose -2*n = -k - 6, -n + 0*n = -k - 4. What is the units digit of n?
2
Suppose -8 = 2*i - 0*i. Suppose u - 4*u = 15. Let c = i - u. What is the units digit of c?
1
Suppose -1 = 2*u - 2*p - 21, -4*u = -3*p - 44. Let t = 2 + -4. What is the units digit of (t/(-4))/(7/u)?
1
Let b be 10/(-15) + 14/3. Suppose 66 = b*q - q. What is the units digit of q?
2
Suppose 5*o - 20 + 4 = -n, 0 = -5*n + 5*o - 10. Let v be ((0 - -1)*13)/1. Let a = v - n. What is the units digit of a?
2
Suppose 0 = 2*l + 3*j - 10, 2*l - 3*j - 2*j = 10. Suppose -3*f - 3 = k + 3, 12 = -k - l*f. What is the units digit of k?
3
Suppose 2*f - 9 = 15. What is the units digit of f?
2
What is the tens digit of ((-13)/26)/((-1)/34)?
1
Let v(k) = 6*k + 1. Let w be v(1). Let f = 2 - w. Let g(a) = a**3 + 7*a**2 + 7*a + 1. What is the tens digit of g(f)?
1
Let o(p) = 7*p**2 + 3*p + 7. What is the hundreds digit of o(-4)?
1
Suppose 0*u = 2*u - 12. Let t be (-8)/6*u/2. What is the units digit of t/22 + (-24)/(-11)?
2
Suppose 3*x = 10*x - 805. What is the hundreds digit of x?
1
Let h(l) = l**3 - l**2 + l. Let x(o) = -8*o**3 - 5*o**2 + 4*o - 1. Let n(t) = -5*h(t) + x(t). What is the tens digit of n(-1)?
1
Let h(x) = 10*x + 6 - 6. What is the units digit of h(1)?
0
Let b be (-140)/(-15) - 2/6. Suppose -2*o - 2 = p - b, -4*o - 51 = -3*p. What is the units digit of p?
3
Let u = -300 + 437. What is the units digit of u?
7
Suppose -2*y + 8 = 0, 4*y - 13 = r + 1. Let m be 3*(-2)/r*6. What is the tens digit of (1 - 0) + m/(-2)?
1
Let h(n) be the first derivative of n**2/2 + 11*n - 5. What is the units digit of h(8)?
9
Let u(n) = 5*n - n**3 + 4*n**2 - 5*n - 4. Let s be u(3). Suppose -2*z = -s*p + 35, 51 = 4*p + 3*z - 0*z. What is the units digit of p?
9
Let d = -9 - -11. Suppose 0*f - 43 = -r + 4*f, -5*f + 34 = d*r. What is the tens digit of r?
2
Let s(y) = -3*y - 10. Let t be s(-10). Let r be ((-8)/5)/((-4)/t). Let d = 18 - r. What is the units digit of d?
0
Let a(r) = r + 1. Let k be a(-2). Let b be (4*5 - -2) + k. Let c = -10 + b. What is the tens digit of c?
1
Let j be (-26)/(-7) - (-8)/28. What is the tens digit of 2 + (66 - -2)/j?
1
What is the units digit of (-16)/8 + (-180)/(-2)?
8
Let p = 12 - -22. What is the units digit of p?
4
Suppose -5*u + 2*u = m - 78, 2*u = 3*m - 278. Suppose -2*z + r + 17 = -10, 5*z = -5*r + m. What is the units digit of z?
5
Let w be (1 - -1) + (-216)/(-12). Let b = w - 10. What is the tens digit of b?
1
Let r(d) = d**3 + 4*d**2 + 2*d. Let u be r(-4). What is the units digit of 2*2 + 24/u?
1
Suppose 0 = -b + 2 - 0. Suppose -b*v - 10 = k - 48, -2*k + v = -51. What is the units digit of k?
8
Suppose 87 - 207 = -4*t. What is the tens digit of t?
3
Let j = -5 + 10. Suppose 0 = -2*v + 2, j*o - 8 = -3*v + 20. What is the units digit of o?
5
Let a be ((-3)/(-6))/(5/30). Suppose -2*p + 28 = 5*t, -a*t + 4*t = -p + 17. What is the units digit of p?
9
Let a = 265 + -143. What is the units digit of a?
2
Let w be (0 + -1)*(-2 - -1). Let y(m) = m**2 + 6*m + 3. Let h be y(-6). Suppose 2*b - h = w. What is the units digit of b?
2
Let c be (-15)/9*(4 - 1). Let v(b) = -b**2 - 7*b. What is the units digit of v(c)?
0
Let d(v) = 72*v**2 - 5*v. What is the tens digit of d(1)?
6
Let c(k) be the third derivative of k**4/24 - k**3 - 2*k**2. Suppose -2*p + 12 = o, 0 = -2*p - 2*o + 4 + 6. What is the units digit of c(p)?
1
What is the units digit of ((-172)/8*2)/(-1)?
3
What is the units digit of 4/4 - 195/(-3)?
6
What is the units digit of -6*(2/(-5))/((-16)/(-60))?
9
Let t = 95 - 39. What is the tens digit of t?
5
Let h = 7 - 0. What is the units digit of h?
7
Let w(m) = m**3 - 5*m**2 - 7*m + 1. Let j be w(6). Let c = j + 9. What is the units digit of c?
4
What is the units digit of (-44 - (5 + -3))/(-2)?
3
Suppose -k + 1 = -2. Suppose k*n = -0*n + 24. Let y = -3 + n. What is the units digit of y?
5
Let n(s) = -s**3 + 16*s**2 - 14*s - 6. Let j be n(15). What is the tens digit of 56/12*j/2?
2
Let b(x) = 0 + x + 2*x**2 + 6 - 2*x + 6*x. What is the units digit of b(-4)?
8
Let v = 3 - 1. Suppose -2*o + 2 = -v. What is the units digit of o?
2
Let q = 24 + -14. Suppose -3*g = 2 + q. What is the units digit of (2/g)/((-3)/42)?
7
Suppose -8*m + 425 = -3*m. What is the units digit of m?
5
Let t be (-1)/2*0 - 25. What is the units digit of (4 - (-88)